{"version":"1.0","provider_name":"Meu site jur\u00eddico","provider_url":"https:\/\/meusitejuridico.editorajuspodivm.com.br","author_name":"Joaquim Leit\u00e3o J\u00fanior e Marcel Gomes de Oliveira","author_url":"https:\/\/meusitejuridico.editorajuspodivm.com.br\/author\/joaquimmarcel\/","title":"Breves coment\u00e1rios \u00e0 Lei 13.812\/19: Um avan\u00e7o legislativo com retrocesso \u00e0 atividade investigativa? - Meu site jur\u00eddico","type":"rich","width":600,"height":338,"html":"<blockquote class=\"wp-embedded-content\" data-secret=\"FA24RgefZ3\"><a href=\"https:\/\/meusitejuridico.editorajuspodivm.com.br\/2019\/03\/27\/breves-comentarios-lei-13-81219-um-avanco-legislativo-com-retrocesso-atividade-investigativa\/\">Breves coment\u00e1rios \u00e0 Lei 13.812\/19: Um avan\u00e7o legislativo com retrocesso \u00e0 atividade investigativa?<\/a><\/blockquote><iframe sandbox=\"allow-scripts\" security=\"restricted\" src=\"https:\/\/meusitejuridico.editorajuspodivm.com.br\/2019\/03\/27\/breves-comentarios-lei-13-81219-um-avanco-legislativo-com-retrocesso-atividade-investigativa\/embed\/#?secret=FA24RgefZ3\" width=\"600\" height=\"338\" title=\"&#8220;Breves coment\u00e1rios \u00e0 Lei 13.812\/19: Um avan\u00e7o legislativo com retrocesso \u00e0 atividade investigativa?&#8221; &#8212; Meu site jur\u00eddico\" data-secret=\"FA24RgefZ3\" frameborder=\"0\" marginwidth=\"0\" marginheight=\"0\" scrolling=\"no\" class=\"wp-embedded-content\"><\/iframe><script>\n\/*! This file is auto-generated *\/\n!function(d,l){\"use strict\";l.querySelector&&d.addEventListener&&\"undefined\"!=typeof URL&&(d.wp=d.wp||{},d.wp.receiveEmbedMessage||(d.wp.receiveEmbedMessage=function(e){var t=e.data;if((t||t.secret||t.message||t.value)&&!\/[^a-zA-Z0-9]\/.test(t.secret)){for(var s,r,n,a=l.querySelectorAll('iframe[data-secret=\"'+t.secret+'\"]'),o=l.querySelectorAll('blockquote[data-secret=\"'+t.secret+'\"]'),c=new RegExp(\"^https?:$\",\"i\"),i=0;i<o.length;i++)o[i].style.display=\"none\";for(i=0;i<a.length;i++)s=a[i],e.source===s.contentWindow&&(s.removeAttribute(\"style\"),\"height\"===t.message?(1e3<(r=parseInt(t.value,10))?r=1e3:~~r<200&&(r=200),s.height=r):\"link\"===t.message&&(r=new URL(s.getAttribute(\"src\")),n=new URL(t.value),c.test(n.protocol))&&n.host===r.host&&l.activeElement===s&&(d.top.location.href=t.value))}},d.addEventListener(\"message\",d.wp.receiveEmbedMessage,!1),l.addEventListener(\"DOMContentLoaded\",function(){for(var e,t,s=l.querySelectorAll(\"iframe.wp-embedded-content\"),r=0;r<s.length;r++)(t=(e=s[r]).getAttribute(\"data-secret\"))||(t=Math.random().toString(36).substring(2,12),e.src+=\"#?secret=\"+t,e.setAttribute(\"data-secret\",t)),e.contentWindow.postMessage({message:\"ready\",secret:t},\"*\")},!1)))}(window,document);\n<\/script>\n","thumbnail_url":"https:\/\/meusitejuridico.editorajuspodivm.com.br\/s.meusitejuridico\/2019\/03\/c670b561-shutterstock-1039694038.jpg","thumbnail_width":1000,"thumbnail_height":668,"description":"INTRODU\u00c7\u00c3O Entrou em vigor no dia 16 de mar\u00e7o de 2019 a Lei n\u00ba. 13.812, que terminou por instituir a Pol\u00edtica Nacional de Busca de Pessoas Desaparecidas, criou o Cadastro Nacional de Pessoas Desaparecidas e alterou a Lei n\u00ba 8.069, de 13 de julho de 1990 (Estatuto da Crian\u00e7a e do Adolescente). A pol\u00edtica Nacional [&hellip;]"}

Meu site jurídico

Joaquim Leitão Júnior e Marcel Gomes de Oliveira

Breves comentários à Lei 13.812/19: Um avanço legislativo com retrocesso à atividade investigativa? - Meu site jurídico

<blockquote class="wp-embedded-content" data-secret="FA24RgefZ3"><a href="https://meusitejuridico.editorajuspodivm.com.br/2019/03/27/breves-comentarios-lei-13-81219-um-avanco-legislativo-com-retrocesso-atividade-investigativa/">Breves comentários à Lei 13.812/19: Um avanço legislativo com retrocesso à atividade investigativa?</a></blockquote><iframe sandbox="allow-scripts" security="restricted" src="https://meusitejuridico.editorajuspodivm.com.br/2019/03/27/breves-comentarios-lei-13-81219-um-avanco-legislativo-com-retrocesso-atividade-investigativa/embed/#?secret=FA24RgefZ3" width="600" height="338" title="&#8220;Breves comentários à Lei 13.812/19: Um avanço legislativo com retrocesso à atividade investigativa?&#8221; &#8212; Meu site jurídico" data-secret="FA24RgefZ3" frameborder="0" marginwidth="0" marginheight="0" scrolling="no" class="wp-embedded-content"></iframe><script>
/*! This file is auto-generated */
!function(d,l){"use strict";l.querySelector&&d.addEventListener&&"undefined"!=typeof URL&&(d.wp=d.wp||{},d.wp.receiveEmbedMessage||(d.wp.receiveEmbedMessage=function(e){var t=e.data;if((t||t.secret||t.message||t.value)&&!/[^a-zA-Z0-9]/.test(t.secret)){for(var s,r,n,a=l.querySelectorAll('iframe[data-secret="'+t.secret+'"]'),o=l.querySelectorAll('blockquote[data-secret="'+t.secret+'"]'),c=new RegExp("^https?:$","i"),i=0;i<o.length;i++)o[i].style.display="none";for(i=0;i<a.length;i++)s=a[i],e.source===s.contentWindow&&(s.removeAttribute("style"),"height"===t.message?(1e3<(r=parseInt(t.value,10))?r=1e3:~~r<200&&(r=200),s.height=r):"link"===t.message&&(r=new URL(s.getAttribute("src")),n=new URL(t.value),c.test(n.protocol))&&n.host===r.host&&l.activeElement===s&&(d.top.location.href=t.value))}},d.addEventListener("message",d.wp.receiveEmbedMessage,!1),l.addEventListener("DOMContentLoaded",function(){for(var e,t,s=l.querySelectorAll("iframe.wp-embedded-content"),r=0;r<s.length;r++)(t=(e=s[r]).getAttribute("data-secret"))||(t=Math.random().toString(36).substring(2,12),e.src+="#?secret="+t,e.setAttribute("data-secret",t)),e.contentWindow.postMessage({message:"ready",secret:t},"*")},!1)))}(window,document);
</script>

INTRODUÇÃO Entrou em vigor no dia 16 de março de 2019 a Lei nº. 13.812, que terminou por instituir a Política Nacional de Busca de Pessoas Desaparecidas, criou o Cadastro Nacional de Pessoas Desaparecidas e alterou a Lei nº 8.069, de 13 de julho de 1990 (Estatuto da Criança e do Adolescente). A política Nacional [&hellip;]
